{"id":71,"date":"2021-03-21T21:49:15","date_gmt":"2021-03-21T20:49:15","guid":{"rendered":"http:\/\/grips-im-kopf.de\/?page_id=71"},"modified":"2021-04-30T21:48:57","modified_gmt":"2021-04-30T19:48:57","slug":"ganzheitliches-gedaechtnistraining-als-praevention","status":"publish","type":"page","link":"https:\/\/grips-im-kopf.de\/?page_id=71","title":{"rendered":"Ganzheitliches Ged\u00e4chtnistraining als Pr\u00e4vention"},"content":{"rendered":"\n<p>In diesem Kurs st\u00e4rken Sie nicht nur Ihre kognitiven F\u00e4higkeiten, wie logisches Denken, Merkf\u00e4higkeit oder Wortfindung. Es wird vor allem darum gehen, ein ideales Zusammenspiel beider Hirnh\u00e4lften zu nutzen, indem auch leichte Bewegungs\u00fcbungen mit einbezogen werden. Die \u00dcbungen, die ich hier nutze, kommen aus der Life Kinetik und wurden speziell zur Steigerung der Hirnleistung entwickelt. <\/p>\n\n\n\n<p>Ganzheitlich bedeutet hier, dass die \u00dcbungen ohne Leistungsdruck und in einer angenehmen, famili\u00e4ren Atmosph\u00e4re stattfinden und den Teilnehmern wieder Mut und Freude, Selbstsicherheit und Selbstvertrauen geben.<\/p>\n","protected":false},"excerpt":{"rendered":"<p>In diesem Kurs st\u00e4rken Sie nicht nur Ihre kognitiven F\u00e4higkeiten, wie logisches Denken, Merkf\u00e4higkeit oder Wortfindung. Es wird vor allem darum gehen, ein ideales Zusammenspiel beider Hirnh\u00e4lften zu nutzen, indem auch leichte Bewegungs\u00fcbungen mit einbezogen werden. Die \u00dcbungen, die ich hier nutze, kommen aus der Life Kinetik und wurden speziell zur Steigerung der Hirnleistung entwickelt. [&hellip;]<\/p>\n","protected":false},"author":1,"featured_media":36,"parent":0,"menu_order":0,"comment_status":"closed","ping_status":"closed","template":"","meta":{"footnotes":""},"class_list":["post-71","page","type-page","status-publish","has-post-thumbnail","hentry"],"yoast_head":"<!-- This site is optimized with the Yoast SEO plugin v27.5 - https:\/\/yoast.com\/product\/yoast-seo-wordpress\/ -->\n<title>Ged\u00e4chtnistraining zur Erhaltung der geistigen FIttness.<\/title>\n<meta name=\"description\" content=\"\u00dcbungen, die ohne Leistungsdruck stattfinden geben den Teilnehmern wieder Mut Freude, Selbstsicherheit und Selbstvertrauen.\" \/>\n<meta name=\"robots\" content=\"index, follow, max-snippet:-1, max-image-preview:large, max-video-preview:-1\" \/>\n<link rel=\"canonical\" href=\"https:\/\/grips-im-kopf.de\/?page_id=71\" \/>\n<meta property=\"og:locale\" content=\"de_DE\" \/>\n<meta property=\"og:type\" content=\"article\" \/>\n<meta property=\"og:title\" content=\"Ged\u00e4chtnistraining zur Erhaltung der geistigen FIttness.\" \/>\n<meta property=\"og:description\" content=\"\u00dcbungen, die ohne Leistungsdruck stattfinden geben den Teilnehmern wieder Mut Freude, Selbstsicherheit und Selbstvertrauen.\" \/>\n<meta property=\"og:url\" content=\"https:\/\/grips-im-kopf.de\/?page_id=71\" \/>\n<meta property=\"og:site_name\" content=\"Ganzheitliches Ged\u00e4chtnistraining Frankfurt\" \/>\n<meta property=\"article:modified_time\" content=\"2021-04-30T19:48:57+00:00\" \/>\n<meta property=\"og:image\" content=\"https:\/\/grips-im-kopf.de\/wp-content\/uploads\/2021\/03\/Tangram1-e1616357682387.jpg\" \/>\n\t<meta property=\"og:image:width\" content=\"300\" \/>\n\t<meta property=\"og:image:height\" content=\"242\" \/>\n\t<meta property=\"og:image:type\" content=\"image\/jpeg\" \/>\n<meta name=\"twitter:card\" content=\"summary_large_image\" \/>\n<meta name=\"twitter:label1\" content=\"Gesch\u00e4tzte Lesezeit\" \/>\n\t<meta name=\"twitter:data1\" content=\"1\u00a0Minute\" \/>\n<script type=\"application\/ld+json\" class=\"yoast-schema-graph\">{\"@context\":\"https:\\\/\\\/schema.org\",\"@graph\":[{\"@type\":\"WebPage\",\"@id\":\"https:\\\/\\\/grips-im-kopf.de\\\/?page_id=71\",\"url\":\"https:\\\/\\\/grips-im-kopf.de\\\/?page_id=71\",\"name\":\"Ged\u00e4chtnistraining zur Erhaltung der geistigen FIttness.\",\"isPartOf\":{\"@id\":\"https:\\\/\\\/grips-im-kopf.de\\\/#website\"},\"primaryImageOfPage\":{\"@id\":\"https:\\\/\\\/grips-im-kopf.de\\\/?page_id=71#primaryimage\"},\"image\":{\"@id\":\"https:\\\/\\\/grips-im-kopf.de\\\/?page_id=71#primaryimage\"},\"thumbnailUrl\":\"https:\\\/\\\/grips-im-kopf.de\\\/wp-content\\\/uploads\\\/2021\\\/03\\\/Tangram1-e1616357682387.jpg\",\"datePublished\":\"2021-03-21T20:49:15+00:00\",\"dateModified\":\"2021-04-30T19:48:57+00:00\",\"description\":\"\u00dcbungen, die ohne Leistungsdruck stattfinden geben den Teilnehmern wieder Mut Freude, Selbstsicherheit und Selbstvertrauen.\",\"breadcrumb\":{\"@id\":\"https:\\\/\\\/grips-im-kopf.de\\\/?page_id=71#breadcrumb\"},\"inLanguage\":\"de\",\"potentialAction\":[{\"@type\":\"ReadAction\",\"target\":[\"https:\\\/\\\/grips-im-kopf.de\\\/?page_id=71\"]}]},{\"@type\":\"ImageObject\",\"inLanguage\":\"de\",\"@id\":\"https:\\\/\\\/grips-im-kopf.de\\\/?page_id=71#primaryimage\",\"url\":\"https:\\\/\\\/grips-im-kopf.de\\\/wp-content\\\/uploads\\\/2021\\\/03\\\/Tangram1-e1616357682387.jpg\",\"contentUrl\":\"https:\\\/\\\/grips-im-kopf.de\\\/wp-content\\\/uploads\\\/2021\\\/03\\\/Tangram1-e1616357682387.jpg\",\"width\":300,\"height\":242},{\"@type\":\"BreadcrumbList\",\"@id\":\"https:\\\/\\\/grips-im-kopf.de\\\/?page_id=71#breadcrumb\",\"itemListElement\":[{\"@type\":\"ListItem\",\"position\":1,\"name\":\"Startseite\",\"item\":\"https:\\\/\\\/grips-im-kopf.de\\\/\"},{\"@type\":\"ListItem\",\"position\":2,\"name\":\"Ganzheitliches Ged\u00e4chtnistraining als Pr\u00e4vention\"}]},{\"@type\":\"WebSite\",\"@id\":\"https:\\\/\\\/grips-im-kopf.de\\\/#website\",\"url\":\"https:\\\/\\\/grips-im-kopf.de\\\/\",\"name\":\"Ganzheitliches Ged\u00e4chtnistraining Frankfurt\",\"description\":\"\",\"publisher\":{\"@id\":\"https:\\\/\\\/grips-im-kopf.de\\\/#organization\"},\"potentialAction\":[{\"@type\":\"SearchAction\",\"target\":{\"@type\":\"EntryPoint\",\"urlTemplate\":\"https:\\\/\\\/grips-im-kopf.de\\\/?s={search_term_string}\"},\"query-input\":{\"@type\":\"PropertyValueSpecification\",\"valueRequired\":true,\"valueName\":\"search_term_string\"}}],\"inLanguage\":\"de\"},{\"@type\":\"Organization\",\"@id\":\"https:\\\/\\\/grips-im-kopf.de\\\/#organization\",\"name\":\"Ganzheitliches Ged\u00e4chtnistraining Frankfurt\",\"url\":\"https:\\\/\\\/grips-im-kopf.de\\\/\",\"logo\":{\"@type\":\"ImageObject\",\"inLanguage\":\"de\",\"@id\":\"https:\\\/\\\/grips-im-kopf.de\\\/#\\\/schema\\\/logo\\\/image\\\/\",\"url\":\"https:\\\/\\\/grips-im-kopf.de\\\/wp-content\\\/uploads\\\/2021\\\/04\\\/GIK-animated-4.png\",\"contentUrl\":\"https:\\\/\\\/grips-im-kopf.de\\\/wp-content\\\/uploads\\\/2021\\\/04\\\/GIK-animated-4.png\",\"width\":398,\"height\":136,\"caption\":\"Ganzheitliches Ged\u00e4chtnistraining Frankfurt\"},\"image\":{\"@id\":\"https:\\\/\\\/grips-im-kopf.de\\\/#\\\/schema\\\/logo\\\/image\\\/\"}}]}<\/script>\n<!-- \/ Yoast SEO plugin. -->","yoast_head_json":{"title":"Ged\u00e4chtnistraining zur Erhaltung der geistigen FIttness.","description":"\u00dcbungen, die ohne Leistungsdruck stattfinden geben den Teilnehmern wieder Mut Freude, Selbstsicherheit und Selbstvertrauen.","robots":{"index":"index","follow":"follow","max-snippet":"max-snippet:-1","max-image-preview":"max-image-preview:large","max-video-preview":"max-video-preview:-1"},"canonical":"https:\/\/grips-im-kopf.de\/?page_id=71","og_locale":"de_DE","og_type":"article","og_title":"Ged\u00e4chtnistraining zur Erhaltung der geistigen FIttness.","og_description":"\u00dcbungen, die ohne Leistungsdruck stattfinden geben den Teilnehmern wieder Mut Freude, Selbstsicherheit und Selbstvertrauen.","og_url":"https:\/\/grips-im-kopf.de\/?page_id=71","og_site_name":"Ganzheitliches Ged\u00e4chtnistraining Frankfurt","article_modified_time":"2021-04-30T19:48:57+00:00","og_image":[{"width":300,"height":242,"url":"https:\/\/grips-im-kopf.de\/wp-content\/uploads\/2021\/03\/Tangram1-e1616357682387.jpg","type":"image\/jpeg"}],"twitter_card":"summary_large_image","twitter_misc":{"Gesch\u00e4tzte Lesezeit":"1\u00a0Minute"},"schema":{"@context":"https:\/\/schema.org","@graph":[{"@type":"WebPage","@id":"https:\/\/grips-im-kopf.de\/?page_id=71","url":"https:\/\/grips-im-kopf.de\/?page_id=71","name":"Ged\u00e4chtnistraining zur Erhaltung der geistigen FIttness.","isPartOf":{"@id":"https:\/\/grips-im-kopf.de\/#website"},"primaryImageOfPage":{"@id":"https:\/\/grips-im-kopf.de\/?page_id=71#primaryimage"},"image":{"@id":"https:\/\/grips-im-kopf.de\/?page_id=71#primaryimage"},"thumbnailUrl":"https:\/\/grips-im-kopf.de\/wp-content\/uploads\/2021\/03\/Tangram1-e1616357682387.jpg","datePublished":"2021-03-21T20:49:15+00:00","dateModified":"2021-04-30T19:48:57+00:00","description":"\u00dcbungen, die ohne Leistungsdruck stattfinden geben den Teilnehmern wieder Mut Freude, Selbstsicherheit und Selbstvertrauen.","breadcrumb":{"@id":"https:\/\/grips-im-kopf.de\/?page_id=71#breadcrumb"},"inLanguage":"de","potentialAction":[{"@type":"ReadAction","target":["https:\/\/grips-im-kopf.de\/?page_id=71"]}]},{"@type":"ImageObject","inLanguage":"de","@id":"https:\/\/grips-im-kopf.de\/?page_id=71#primaryimage","url":"https:\/\/grips-im-kopf.de\/wp-content\/uploads\/2021\/03\/Tangram1-e1616357682387.jpg","contentUrl":"https:\/\/grips-im-kopf.de\/wp-content\/uploads\/2021\/03\/Tangram1-e1616357682387.jpg","width":300,"height":242},{"@type":"BreadcrumbList","@id":"https:\/\/grips-im-kopf.de\/?page_id=71#breadcrumb","itemListElement":[{"@type":"ListItem","position":1,"name":"Startseite","item":"https:\/\/grips-im-kopf.de\/"},{"@type":"ListItem","position":2,"name":"Ganzheitliches Ged\u00e4chtnistraining als Pr\u00e4vention"}]},{"@type":"WebSite","@id":"https:\/\/grips-im-kopf.de\/#website","url":"https:\/\/grips-im-kopf.de\/","name":"Ganzheitliches Ged\u00e4chtnistraining Frankfurt","description":"","publisher":{"@id":"https:\/\/grips-im-kopf.de\/#organization"},"potentialAction":[{"@type":"SearchAction","target":{"@type":"EntryPoint","urlTemplate":"https:\/\/grips-im-kopf.de\/?s={search_term_string}"},"query-input":{"@type":"PropertyValueSpecification","valueRequired":true,"valueName":"search_term_string"}}],"inLanguage":"de"},{"@type":"Organization","@id":"https:\/\/grips-im-kopf.de\/#organization","name":"Ganzheitliches Ged\u00e4chtnistraining Frankfurt","url":"https:\/\/grips-im-kopf.de\/","logo":{"@type":"ImageObject","inLanguage":"de","@id":"https:\/\/grips-im-kopf.de\/#\/schema\/logo\/image\/","url":"https:\/\/grips-im-kopf.de\/wp-content\/uploads\/2021\/04\/GIK-animated-4.png","contentUrl":"https:\/\/grips-im-kopf.de\/wp-content\/uploads\/2021\/04\/GIK-animated-4.png","width":398,"height":136,"caption":"Ganzheitliches Ged\u00e4chtnistraining Frankfurt"},"image":{"@id":"https:\/\/grips-im-kopf.de\/#\/schema\/logo\/image\/"}}]}},"_links":{"self":[{"href":"https:\/\/grips-im-kopf.de\/index.php?rest_route=\/wp\/v2\/pages\/71","targetHints":{"allow":["GET"]}}],"collection":[{"href":"https:\/\/grips-im-kopf.de\/index.php?rest_route=\/wp\/v2\/pages"}],"about":[{"href":"https:\/\/grips-im-kopf.de\/index.php?rest_route=\/wp\/v2\/types\/page"}],"author":[{"embeddable":true,"href":"https:\/\/grips-im-kopf.de\/index.php?rest_route=\/wp\/v2\/users\/1"}],"replies":[{"embeddable":true,"href":"https:\/\/grips-im-kopf.de\/index.php?rest_route=%2Fwp%2Fv2%2Fcomments&post=71"}],"version-history":[{"count":3,"href":"https:\/\/grips-im-kopf.de\/index.php?rest_route=\/wp\/v2\/pages\/71\/revisions"}],"predecessor-version":[{"id":124,"href":"https:\/\/grips-im-kopf.de\/index.php?rest_route=\/wp\/v2\/pages\/71\/revisions\/124"}],"wp:featuredmedia":[{"embeddable":true,"href":"https:\/\/grips-im-kopf.de\/index.php?rest_route=\/wp\/v2\/media\/36"}],"wp:attachment":[{"href":"https:\/\/grips-im-kopf.de\/index.php?rest_route=%2Fwp%2Fv2%2Fmedia&parent=71"}],"curies":[{"name":"wp","href":"https:\/\/api.w.org\/{rel}","templated":true}]}}